ainder when l(3) is divided by 10.
9
Suppose 5*l + 5*n = 810, -2*l + 0*l + 317 = -5*n. Let o = l - 81. What is the remainder when o is divided by 41?
39
Let z = -491 - -525. What is the remainder when 90 is divided by z?
22
Let j(y) = y**2 - 3*y + 15. Suppose w - 5*w = -w. What is the remainder when 42 is divided by j(w)?
12
Suppose 5*r + 8 = -4*n, -2*r + 8 = 2*n - 6*n. Suppose -p - p + 6 = r. Suppose 0 = p*u + u - 4. Calculate the remainder when 1 is divided by u.
0
Suppose -309*y + 312*y - 78 = 0. What is the remainder when y is divided by 11?
4
Let g(b) = 16*b - 4. Let r(l) = -4*l + 12. Let a be r(15). Let t = -32 - a. Calculate the remainder when g(4) is divided by t.
12
Let h(w) = 16*w**3 - w**2 + 1. Let u be 2 + (3 + -3)/4. Suppose -3*c + c + u = 0. Calculate the remainder when 31 is divided by h(c).
15
Suppose 659 - 81 = 17*s. Let d(g) = 33*g**2 + 3*g - 5. What is the remainder when d(2) is divided by s?
31
Suppose 18 = 2*h + 4. Let y(b) = 2*b + 10. Let a be y(-5). Suppose 0*c + 3*r = -c - 2, -2*c - r + 21 = a. Calculate the remainder when c is divided by h.
6
Let b = -19 - -9. Let g(p) = p**2 - 6*p. What is the remainder when g(8) is divided by b*(-1 + 0) + -1?
7
Let x(o) = -o**2 + 29*o - 26. Let y be x(17). Let q = y - 111. What is the remainder when q is divided by 18?
13
Let a(s) = s**2 - 16*s + 72. What is the remainder when 26 is divided by a(6)?
2
Let a = -65 - -74. Suppose a + 9 = p. Let u = -56 + 126. Calculate the remainder when u is divided by p.
16
Let j = 30 + -31. Let f = j - -17. What is the remainder when 30 is divided by f?
14
Let g be (-1 - -1)/(-18 - -19). Suppose -w + 4*w + p - 134 = g, 0 = -p - 1. Calculate the remainder when w is divided by 16.
13
Let l(d) = 6*d**2 - 35*d - 87. What is the remainder when 358 is divided by l(-3)?
70
Calculate the remainder when -2 + (-16)/(-9) + (-9810)/(-405) is divided by 10.
4
Let l(s) = -6*s - 1. Let k = 117 + -59. Let g = 64 - k. Calculate the remainder when l(-3) is divided by g.
5
Let w = 1525 - 1514. Calculate the remainder when 525 is divided by w.
8
Let s(v) = -v**2 + 6*v + 6. Let m be s(6). Suppose m*p + 24 = -0*p. Calculate the remainder when 23 is divided by (-16)/(-2) + (p - -2).
5
Let m = 34 - 32. Suppose m*c - 12 = 40. Calculate the remainder when 49 is divided by c.
23
Let m = 1441 - 1416. Calculate the remainder when 107 is divided by m.
7
Let p(j) = 8*j**2 + 2*j - 15. What is the remainder when 208 is divided by p(2)?
19
Let r be (-10)/15 - (1 - (-69)/(-9)). Suppose -r*q + 10*q - 280 = 0. What is the remainder when q is divided by 36?
34
Let u(z) = z**3 - 20*z**2 - 35*z + 117. What is the remainder when u(22) is divided by 80?
75
What is the remainder when 28*(-1 - -1 - 364/(-98)) is divided by 21?
20
Let v = -94 + 140. Suppose 5*s - 2*s - v = 5*g, -5*g = -s + 2. What is the remainder when 64 is divided by s?
20
Let q(o) = 2*o + 0 + 2*o**3 + 1 + 2*o - 3*o - 2*o**2. What is the remainder when q(2) is divided by 3?
2
Let d = 292 - 126. Calculate the remainder when d is divided by 8.
6
Suppose -l + 42 = -5*d, 2*l - d = 7*l - 80. Suppose -l*t + 3*t + 420 = 0. Suppose 0 = -2*c + 14 + 2. What is the remainder when t is divided by c?
6
Suppose -871 = -40*b + 2009. Calculate the remainder when b is divided by 35.
2
Suppose -v + 9 = 2*v. Suppose 2*i + 10 = m - v*i, m - 10 = -3*i. Calculate the remainder when m is divided by 3.
1
Calculate the remainder when 7956/272*32/6 is divided by 42.
30
What is the remainder when (4 - -3) + (9 - 9) + 238 is divided by 32?
21
Suppose -14 = -3*w + t, 58*w = 61*w - 4*t - 11. What is the remainder when 128 is divided by w?
3
Suppose -1473 = -5*x - 587*y + 584*y, 3*x - 3*y - 903 = 0. Calculate the remainder when x is divided by 50.
47
Calculate the remainder when (-1050)/(-8) - (-342)/456 is divided by 48.
36
Let x(f) = f**2 - 3*f - 6. Let u(j) = j**2 + 7*j + 6. Let p be u(-5). Calculate the remainder when x(p) is divided by (-330)/(-27) + 2/(-9).
10
Let g(l) = -l**2 - 4*l + 10. Let t be g(-6). Let s(u) = 4*u**2 + u - 4. Calculate the remainder when 12 is divided by s(t).
2
Suppose 3*l = -2*o + 11, -3*o + 2*o - 2 = -l. Suppose 4*s + 47 = l*c, -2*s + 46 = 2*c - s. Calculate the remainder when 38 is divided by c.
17
Let f(w) be the second derivative of -w**5/20 + 7*w**4/6 + 10*w**2 - 7*w. Calculate the remainder when f(14) is divided by 7.
6
What is the remainder when (-25)/(-8 + 7)*27 is divided by 68?
63
Let h(d) = d**2 + 3*d + 5. Let o be h(-2). What is the remainder when 89/2 + o/(-2) is divided by 9?
7
Let v(m) = 13*m**2 - m - 2. Let t be v(3). Suppose 20 = 4*r - t. What is the remainder when 65 is divided by r?
32
Suppose 2*n - 10 = -0. Suppose -16 = m + 4*d, -4*m + 5*d + 15 + n = 0. Let i = 18 - m. Calculate the remainder when 53 is divided by i.
17
Suppose -38 = -7*h + 116. Calculate the remainder when 108 is divided by h.
20
Suppose -91 = -x - 72. Calculate the remainder when 60 is divided by x.
3
Let m(h) = 5*h**2 + 4*h + 3. Let s = 8 + -63. Let x = s - -78. What is the remainder when m(-4) is divided by x?
21
Let i(k) = -k - 7. Let f be i(4). Let w(m) = -m. Let r = 2 - -1. Calculate the remainder when w(f) is divided by r.
2
Let a = 6 + -3. Suppose -3*t - 5*u = -60, a*t - 41 = -3*u + 13. Calculate the remainder when 38 is divided by t.
8
Let f(o) be the second derivative of o**5/10 - o**3/6 + o**2 + 2*o. Suppose 6 + 21 = 9*i. Calculate the remainder when f(i) is divided by 11.
9
Let u = -551 - -564. Calculate the remainder when 43 is divided by u.
4
Suppose -115 = -3*g - v, 6*g + 33 = 7*g + 3*v. Calculate the remainder when g is divided by 13.
0
Suppose -10 = -7*c + 676. Calculate the remainder when 299 is divided by c.
5
Let w = 16 + -12. Suppose -w*i + 32 = 12. Suppose -2*v - 8 = -6*v, 0 = -i*q + 2*v + 271. What is the remainder when q is divided by 14?
13
Suppose -148*s + 150*s = -10, -914 = -4*u - 2*s. Calculate the remainder when u is divided by 78.
75
Let o = 58 - 58. Suppose o = 21*s - 14*s - 749. Calculate the remainder when s is divided by 11.
8
What is the remainder when ((-2076)/8)/((-69)/92) is divided by 10?
6
Let m(d) = -15*d - 101. What is the remainder when m(-29) is divided by 48?
46
Let n be (-8)/16 - (-5127)/6. Calculate the remainder when 120 is divided by (-2)/(-6) + n/21.
38
Suppose -5*h - 5*r + 210 = 0, -2*h = -134*r + 130*r - 102. What is the remainder when 1394 is divided by h?
44
Suppose 5*z + 2 = 17. Let m be z/(-2 + (-603)/(-300)). Suppose 5*w - m = -20. What is the remainder when w is divided by 19?
18
Let f be 2 - ((-8)/(-4) + -2). Suppose -8 - 14 = 3*c + 5*r, -f = -2*r. What is the remainder when ((-3)/c)/((-4)/(-1044)) is divided by 15?
12
Let q = -187 + 195. Let h be (-4)/(-6)*(2 + 1). Suppose -5*k + h*p = -149, p + p = -3*k + 99. What is the remainder when k is divided by q?
7
What is the remainder when 19/((34/20 - 2)/(-3)) is divided by 60?
10
Let l = -63 + 158. Calculate the remainder when l is divided by 25.
20
Let t be -3*3/3 - -3. Suppose t = -x + 5*x + 2*h + 32, -3*h - 28 = 4*x. Let i = x + 31. What is the remainder when i is divided by 11?
10
Suppose 21 = r + i, r + i - 71 = -2*r. Suppose 0 = -3*z + z + 102. Suppose u - 3*u - 55 = -5*x, -2*x - 5*u = -z. What is the remainder when r is divided by x?
12
Suppose 8*n - 836 = -36*n. Calculate the remainder when (-99)/4*(-40)/15 is divided by n.
9
Calculate the remainder when 6/(-27) + (-5365)/(-45) + -2 is divided by 100.
17
Suppose 0 = -3*v - 5*s + 7*s + 153, -2*v - s + 109 = 0. What is the remainder when 526 is divided by v?
49
Let r = -441 + 497. What is the remainder when 445 is divided by r?
53
Suppose -5*b = -10*b + 150. What is the remainder when 75 is divided by b?
15
Suppose 3*h = -8*h + 33. Suppose 4*o = i - 33, 9 = -0*o - h*o. Calculate the remainder when i is divided by 12.
9
Let u be (2/2)/(4/92). Let j = u + -23. Suppose 3*z - 82 + 19 = j. What is the remainder when z is divided by 6?
3
Let a(w) = -5*w + 2. Let v be a(3). Let y = -15 - v. Calculate the remainder when (-11)/y + (-1)/2 is divided by 2.
1
What is the remainder when ((-2 + 4)*18 - -3)*5 is divided by 49?
48
Let k(u) = 2*u**3 - 4*u**2 - 2*u - 3. Suppose -3*t + 104 = 5*o, 33*t = 38*t - o - 136. What is the remainder when k(5) is divided by t?
25
Let q be -4 - 1*(-2